 + 3. Let t(y) = -26*y + 2. Let h(o) = -5*s(o) + 8*t(o). Let u be (1*-1)/((-4)/12). Give h(u).
-23
Suppose 5*r + 25 = 4*d, 4*r + 0*d + 3*d - 11 = 0. Suppose 0 = y + 1. Let a = r - y. Let z(c) = c**3 + c**2 - 2. What is z(a)?
-2
Let s(v) = 4 - 328*v + 326*v + 3 + v**3 + 6*v**2. Determine s(-6).
19
Let v(m) = 2*m - 17. Let z be v(-10). Let j = z + 40. Let l(i) = -i**2 + 4*i - 4. Calculate l(j).
-1
Let i = -14853 + 14859. Let b(r) = 10*r - 13. Let x(k) be the second derivative of 7*k**3/6 - 9*k**2/2 + k. Let w(t) = -5*b(t) + 7*x(t). What is w(i)?
-4
Let b(a) = -a**2 + a. Let x(f) = -f**3 - 5*f**2 + 7*f + 6. Let s be x(-6). Let p be 2 + s + 0/3. Let z be b(p). Let n(i) = 5*i + 2. Determine n(z).
-8
Let m(t) = -7*t + 5*t + 2 - 9*t - 7*t. Give m(1).
-16
Let x(k) = k**3 + 9*k**2 + 2*k + 6. Let i be x(-9). Let q = 15 + i. Let s(p) = -1 - p + 4 - q. Give s(-1).
1
Let b(l) = 2*l**2 + 7*l + 1. Suppose -47 = -4*v - 4*t - 75, 0 = 4*v + 2*t + 26. Determine b(v).
31
Suppose 20 = 4*u + u. Let f(m) = 1 + m**2 - 2*m + u*m - 2*m**2. Suppose v - 4*j = 6, -2*v + j + 4 = -3*v. What is f(v)?
-7
Let y(o) = 5*o**3 - 6*o**2 - 3*o - 2. Let p(f) = 14*f**3 - 18*f**2 - 7*f - 7. Let t(q) = -4*p(q) + 11*y(q). Give t(5).
6
Suppose 0 = -2*z + 8, b - 2 = -2*b + z. Let q(c) = -c**2 - b*c**3 + 6*c**2 - 3*c**3 + 4*c**3 + 1. Calculate q(4).
17
Let b(g) = g + 2. Let u be b(4). Let k(y) = 2*y + 4. Determine k(u).
16
Let u(i) = i**2 - 10*i + 12. Let p be u(10). Let m = 15 - p. Let k(w) = -w**2 - 2. What is k(m)?
-11
Let v be (-161)/(-28) - (-4)/32*2. Let s(y) = y - 7. Determine s(v).
-1
Let j(x) = x**2 + 9*x + 4. Suppose 9*p - 28 = 13*p. What is j(p)?
-10
Suppose 7 = -h + 5*g, 2*h - g + 4*g - 25 = 0. Let m(y) = -y**2 + 10*y - 12. Determine m(h).
4
Let f(v) = -204*v - 11 + 7 + 6 - v**2 + 201*v. Let u be 9/5 - (-1)/5. Give f(u).
-8
Let v = 362 - 360. Let z(l) = -3*l**2 + 2*l - l - l**3 + 2*l**3. Determine z(v).
-2
Let r(s) = s**2 - 6*s - 1. Let a = -51 + 71. Let n = a + -14. What is r(n)?
-1
Let y(r) = -2*r**3 - 23*r**2 - 23*r + 7. Let m = 42 + -31. Let n(v) = -v**3 - 12*v**2 - 12*v + 4. Let s(k) = m*n(k) - 6*y(k). Calculate s(-5).
-3
Let y(p) = -p + 5. Let q(x) = -9*x + 11. Let v(c) = 17*c - 22. Let f(g) = -11*q(g) - 6*v(g). Let r(k) = -4*f(k) + 9*y(k). Determine r(-6).
-17
Let v(l) be the third derivative of -l**5/60 + l**3/6 + 11*l**2 - 3. What is v(0)?
1
Suppose 6 = -9*w + 42. Let h(c) = 2 + 5*c + c**2 + 3*c**2 - 2*c + w*c**3 + 0. What is h(-2)?
-20
Let u(t) = 5*t**3 - 2*t**2 - 2*t - 1. Let w = 29 - 25. Suppose w*x = 7*x + 3. What is u(x)?
-6
Suppose -166 = 17*v - 30. Let a(u) = u + 1. Calculate a(v).
-7
Let l(m) = -2*m**2 - 11*m - 12. Let a be l(-1). Let z(b) = -2*b. Calculate z(a).
6
Let k(s) = s + 1. Let j = -24 - -55. Let q = 33 - j. Suppose q*x + 0 = 8. Give k(x).
5
Suppose 3*d + 2*a = -28, -3*d - a + 1 - 24 = 0. Let s(u) = -u**2 - 6*u + 3. Calculate s(d).
3
Let g(n) = -3*n + 2 - 4*n**2 + n + 3*n**2 + 3*n + 2. Suppose 6 = -0*a + 2*a + 3*t, 4*a - 4*t + 8 = 0. Calculate g(a).
4
Let u = -510 - -493. Let r(a) = a + 10. Calculate r(u).
-7
Suppose -2*k - 27 = -33. Let z(h) = -23 - 5*h**k - h**2 - 3*h**3 + 22 - 2*h. Let n = 5 - 6. What is z(n)?
8
Let w(f) = -f + 5 + 1 + 1 - 3 - 6. Calculate w(-2).
0
Let y(u) = -2*u**3 - u**2 + u - 1. Let o(g) = 5*g**3 - 5*g**2 - 3*g - 6. Let c(d) = o(d) + 2*y(d). Let z be (28/(-8))/(1/(-2)). Give c(z).
-15
Let i = 1584 + -1581. Let d(m) be the third derivative of -1/60*m**6 - 1/30*m**5 + 1/24*m**4 - 1/3*m**i + 0*m + 2*m**2 + 0. Determine d(-2).
4
Let w(t) = 8*t + 3. Let k be ((-20)/16)/(3/(-12)). Suppose -5*f - 15 = 0, 2*f = -k*b + 5 - 1. Suppose -3*c = -2*c + b. What is w(c)?
-13
Let t(i) = -10*i**2 - i - 1. Let p be 5/2 - (6/4 + -1). Let d = -3 + p. What is t(d)?
-10
Suppose -3*h + 1 = -8. Let o(k) = -k + 8. Let j(x) = -x + 9. Let g(v) = h*j(v) - 2*o(v). Let c be g(12). Let a(d) = -2*d**3 + d + 1. Determine a(c).
2
Let m(z) = 4*z - 3. Let d be m(2). Suppose -2*n + d*n = 0. Let h(s) = -s - 16 + n*s + 12 + 0*s. Give h(6).
-10
Let u(f) = 6*f - 10. Suppose -105 = 123*i - 228*i. What is u(i)?
-4
Suppose -45*w + 48*w = 12. Let x(q) be the first derivative of -1/2*q**2 - w*q - 2. Determine x(-3).
-1
Let x be (-12)/(-8)*20/(-6). Let j(h) = 3*h - 3. Let q be j(3). Let m(b) = -4 + q + 2*b - 4 + 5. Determine m(x).
-7
Let a(b) be the second derivative of -5/6*b**3 - 1/12*b**4 + 30*b + 0 - 3/2*b**2. What is a(-5)?
-3
Let o(n) = n**3 - 7*n**2 + n - 3. Let f be o(7). Suppose f*j = 10 + 10. Let d(i) = i**2 - 6*i + 4. Give d(j).
-1
Suppose -3 - 2 = -5*u. Let l(b) = 0*b - 3*b + u + 1. Give l(-2).
8
Let j(b) = -3*b - 1. Let z(a) = -3*a - 8. Let c(m) = 1. Let s(o) = -6*c(o) - z(o). Let x(v) = 5*j(v) + 6*s(v). Determine x(-6).
-11
Let a(y) be the second derivative of y**3/2 - y**2/2 - 2*y - 136. Calculate a(3).
8
Let w(q) = q + 5. Suppose -u = 2*y + 4, y + 0*u - 20 = 5*u. Suppose -7*k = -y*k. Determine w(k).
5
Let k(x) = -8*x**2 + 17*x - 4. Let l(r) = 3*r**2 - 5*r + 1. Let s(m) = 2*k(m) + 7*l(m). Give s(-1).
5
Suppose -7 = 5*d + 3*q, 5*d - d + 4*q + 4 = 0. Let y(t) = -2*t**3 - 2*t**2 + t - 2. Determine y(d).
4
Let f(m) = -m**3 - 5*m**2 - m - 5. Suppose -13 = -2*w + 3*v - 0, 2*w - 8 = -2*v. Suppose -w = -5*d + 6*d. What is f(d)?
0
Let x(f) = f + 1. Let w(v) = -2*v**2 - v + 3. Let o(z) = -w(z) + 3*x(z). Let i = -3 + 3. Suppose i = 10*k - 5*k + 15. Give o(k).
6
Let u(s) = s**3 + 5*s**2 - 9*s - 2. Suppose -57*d + 49 = -64*d. Give u(d).
-37
Let r be -4*(385/44 - 9). Let y(k) = -5*k**3 + 2*k + k**2 - 3*k**2 + 0 - 1. What is y(r)?
-6
Suppose -3*q - 6 = -2*c, -q + 3*c - 11 = -2. Suppose 22 = -q*v + 2*v. Let j = -14 + v. Let n(z) = z**3 + 4*z**2 + 5*z + 2. Determine n(j).
-4
Suppose 0 = -0*i - i - 1. Let m(y) be the second derivative of -3*y**4/4 + y**2/2 + 51*y - 2. What is m(i)?
-8
Let k(w) = -w**2 + 6*w + 4. Let q(j) = -4*j - 92. Let s be q(-25). Determine k(s).
-12
Let g(d) = 77*d - 148*d + d**2 - 6 + 76*d. Let y(o) = 2*o + 4. Let z be y(-5). Determine g(z).
0
Let y(s) = -s**2 + 14 - 40 + 25 - 4*s. Determine y(-6).
-13
Let n(p) = -5*p + 5. Let s(f) = 14*f - 14. Let x(q) = -11*n(q) - 4*s(q). Let k be (9/2 + -3)*-2. Calculate x(k).
4
Let k be (-4)/(-7)*35/10. Let g be 40/50*35/k. Let l = 15 - g. Let a(h) = -2*h**3 - h**2 + h. Determine a(l).
-2
Let f = 330 - 326. Let c(a) = -4*a**2 + 15*a + 4. Calculate c(f).
0
Let p = 277 + -275. Let v(f) be the third derivative of -f**5/60 - f**4/12 + f**3/6 + 3*f**2. Determine v(p).
-7
Let x = 35 + -35. Suppose x = -6*v + 3 + 3. Let u(z) be the first derivative of -3*z**2/2 + z - 2. Calculate u(v).
-2
Let o(u) = u**2 + u + 3. Let m be o(0). Let b(g) = 3*g**3 + 0*g**3 - 2*g**m + 1 + 4*g**2. Let q be ((-1)/(-2))/((-17)/8 + 2). Give b(q).
1
Let h = 35 + -52. Suppose -4*l + l = 63. Let w = h - l. Let g(z) = z**3 - 4*z**2 - 3*z + 3. Give g(w).
-9
Let x(s) be the second derivative of -s**5/20 - 5*s**4/12 + s**3/2 + 3*s**2 - 42*s. Give x(-4).
-22
Suppose 60 = 20*x - 5*x. Let q(w) = 5*w**3 + 7*w**2 - 5*w + 3. Let r(u) = -u**3 + u - 1. Let k(i) = x*r(i) + q(i). Determine k(-7).
6
Let d be 6*5*(-4)/(-40). Let o(k) = 2*k + d + 0 + 0*k. Determine o(-4).
-5
Let t(b) be the third derivative of -1/12*b**4 - 1/360*b**6 + b**2 + 0*b - 1/3*b**3 + 1/120*b**5 + 0. Let v(u) be the first derivative of t(u). Determine v(0).
-2
Let p(q) = 25*q + 252. Let b be p(-10). Let x(d) be the second derivative of -d**2 + 0 - 1/2*d**3 + b*d - 1/4*d**4 + 1/20*d**5. Determine x(4).
2
Let q be 1/(((-4)/(-6))/2). Let m(f) be the third derivative of f**6/120 - f**5/30 - f**4/8 + f**3/2 - 3708*f**2. Give m(q).
3
Let d(m) = 9*m**2 - 22*m + 20. Let k(x) = -4*x**2. Let t(z) = d(z) + 2*k(z). Determine t(21).
-1
Let k(z) = -7*z + 1. Let p(c) = 1. Let s(j) = -k(j) + 3*p(j). Give s(3).
23
Let y(n) be the second derivative of 52*n + 0 + 1/6*n**4 + 5/6*n**3 - n**2. What is y(-4)?
10
Suppose 36*m + 14 = 37*m. Let u(n) = -n + 15. Calculate u(m).
1
Let w(x) = -x + 2*x + 1 - 2*x. Let d = 21 - 4. Suppose -d*u + 16*u = 3. What is w(u)?
4
Let q(m) = 3*m + 1. Let i(y) = 5*y - 7. Let f(j) = -i(j) + 2*q(j). Calculate f(-8).
1
Let s(q) = -4*q**2 - 2*q + 1. Let g = -53 + 55. Suppose -4*i + 2 = -g. Give s(i).
-5
Let m(q) = 0*q - q - 1 - 1. Suppose 5*i - i = -3*k + 19, i = -5*k + 26. Let h = 9 - k.